{"id":28,"date":"2025-06-22T21:00:22","date_gmt":"2025-06-23T00:00:22","guid":{"rendered":"https:\/\/bienestareyalite.com\/?page_id=28"},"modified":"2025-07-14T00:31:20","modified_gmt":"2025-07-14T03:31:20","slug":"areas-de-intervencion","status":"publish","type":"page","link":"https:\/\/bienestareyalite.com\/index.php\/areas-de-intervencion\/","title":{"rendered":"\u00c1reas de intervenci\u00f3n"},"content":{"rendered":"\n<style type=\"text\/css\" data-created_by=\"avia_inline_auto\" id=\"style-css-av-r9yk8-15b90f30c343c188eec95482760748a6\">\n.avia-section.av-r9yk8-15b90f30c343c188eec95482760748a6{\nbackground-repeat:no-repeat;\nbackground-image:url(https:\/\/bienestareyalite.com\/wp-content\/uploads\/2025\/07\/banner-areas-intervencion-scaled.jpg);\nbackground-position:50% 0%;\nbackground-attachment:scroll;\n}\n<\/style>\n<div id='av_section_1'  class='avia-section av-r9yk8-15b90f30c343c188eec95482760748a6 main_color avia-section-default avia-no-border-styling  avia-builder-el-0  el_before_av_section  avia-builder-el-first  avia-bg-style-scroll av-minimum-height av-minimum-height-custom av-height-custom  container_wrap sidebar_right'  data-section-bg-repeat='no-repeat' data-av_minimum_height_px='500'><div class='container av-section-cont-open' style='height:500px'><main  role=\"main\" itemprop=\"mainContentOfPage\"  class='template-page content  av-content-small alpha units'><div class='post-entry post-entry-type-page post-entry-28'><div class='entry-content-wrapper clearfix'>\n\n<style type=\"text\/css\" data-created_by=\"avia_inline_auto\" id=\"style-css-av-q9ouo-039e40706b9f2d1859f0b89260b28e04\">\n#top .hr.hr-invisible.av-q9ouo-039e40706b9f2d1859f0b89260b28e04{\nheight:200px;\n}\n<\/style>\n<div  class='hr av-q9ouo-039e40706b9f2d1859f0b89260b28e04 hr-invisible  avia-builder-el-1  el_before_av_one_fifth  avia-builder-el-first '><span class='hr-inner '><span class=\"hr-inner-style\"><\/span><\/span><\/div>\n<div  class='flex_column av-pvmg4-7c01ba76eb135558a3ea0c792cff4c9f av_one_fifth  avia-builder-el-2  el_after_av_hr  el_before_av_three_fifth  first flex_column_div  '     ><\/div><div  class='flex_column av-p2wq8-e190081718cc1e3f7f760e825560932e av_three_fifth  avia-builder-el-3  el_after_av_one_fifth  el_before_av_one_fifth  flex_column_div  '     ><section  class='av_textblock_section av-mcsrrfer-028083798d8b809f017010b28ac6fbc7 '   itemscope=\"itemscope\" itemtype=\"https:\/\/schema.org\/CreativeWork\" ><div class='avia_textblock'  itemprop=\"text\" ><h2 class=\"p1\" style=\"text-align: center;\"><span style=\"color: #ffffff;\">Bienestar Reyalite<\/span><\/h2>\n<\/div><\/section><br \/>\n<section  class='av_textblock_section av-mcsrq4i3-bbf359d9000bda3e49a10145e41cfb7f '   itemscope=\"itemscope\" itemtype=\"https:\/\/schema.org\/CreativeWork\" ><div class='avia_textblock'  itemprop=\"text\" ><h1 class=\"p1\" style=\"text-align: center;\"><span style=\"color: #ffffff;\"><b>\u00c1reas de Intervenci\u00f3n<\/b><\/span><\/h1>\n<\/div><\/section><br \/>\n<section  class='av_textblock_section av-ohodk-e5a2306e462d3c4e40f429ad59b2c401 '   itemscope=\"itemscope\" itemtype=\"https:\/\/schema.org\/CreativeWork\" ><div class='avia_textblock'  itemprop=\"text\" ><h4 style=\"text-align: center;\"><span style=\"color: #ffffff;\">Nuestra salud mental, nuestra realidad<\/span><\/h4>\n<\/div><\/section><\/p><\/div><div  class='flex_column av-o8ftc-33959f716ff1a4cf1f001b2b81e2fedf av_one_fifth  avia-builder-el-7  el_after_av_three_fifth  el_before_av_hr  flex_column_div  '     ><\/div>\n<style type=\"text\/css\" data-created_by=\"avia_inline_auto\" id=\"style-css-av-nipno-d41e030cb4e29a46b07d38a9be3ece26\">\n#top .hr.hr-invisible.av-nipno-d41e030cb4e29a46b07d38a9be3ece26{\nheight:50px;\n}\n<\/style>\n<div  class='hr av-nipno-d41e030cb4e29a46b07d38a9be3ece26 hr-invisible  avia-builder-el-8  el_after_av_one_fifth  avia-builder-el-last '><span class='hr-inner '><span class=\"hr-inner-style\"><\/span><\/span><\/div>\n\n<\/div><\/div><\/main><!-- close content main element --><\/div><\/div><div id='av_section_2'  class='avia-section av-705ho-fa63eaae0f18bfb48d5ce7a951f552df main_color avia-section-default avia-no-border-styling  avia-builder-el-9  el_after_av_section  avia-builder-el-last  avia-bg-style-scroll container_wrap sidebar_right'  ><div class='container av-section-cont-open' ><div class='template-page content  av-content-small alpha units'><div class='post-entry post-entry-type-page post-entry-28'><div class='entry-content-wrapper clearfix'>\n\n<style type=\"text\/css\" data-created_by=\"avia_inline_auto\" id=\"style-css-av-1erss-85163a67026927cd0fd5ca8d271a4128\">\n#top .hr.hr-invisible.av-1erss-85163a67026927cd0fd5ca8d271a4128{\nheight:50px;\n}\n<\/style>\n<div  class='hr av-1erss-85163a67026927cd0fd5ca8d271a4128 hr-invisible  avia-builder-el-10  el_before_av_one_fifth  avia-builder-el-first '><span class='hr-inner '><span class=\"hr-inner-style\"><\/span><\/span><\/div>\n<div class='flex_column_table av-61wxg-b00d1fbe378bfa1f633062a49c9f4035 sc-av_one_fifth av-equal-height-column-flextable'>\n<style type=\"text\/css\" data-created_by=\"avia_inline_auto\" id=\"style-css-av-61wxg-b00d1fbe378bfa1f633062a49c9f4035\">\n@keyframes av_boxShadowEffect_av-61wxg-b00d1fbe378bfa1f633062a49c9f4035-column {\n0%   { box-shadow:  0 0 0 0 #e8e8e8; opacity: 1; }\n100% { box-shadow:  0 0 10px 0 #e8e8e8; opacity: 1; }\n}\n.flex_column.av-61wxg-b00d1fbe378bfa1f633062a49c9f4035{\nwidth:18.8%;\nmargin-left:0;\nbox-shadow: 0 0 10px 0 #e8e8e8;\nborder-radius:5px 5px 5px 5px;\npadding:20px 20px 20px 20px;\n}\n#top .flex_column_table.av-equal-height-column-flextable.av-61wxg-b00d1fbe378bfa1f633062a49c9f4035 .av-flex-placeholder{\nwidth:1.5%;\n}\n<\/style>\n<div  class='flex_column av-61wxg-b00d1fbe378bfa1f633062a49c9f4035 av_one_fifth  avia-builder-el-11  el_after_av_hr  el_before_av_one_fifth  first flex_column_table_cell av-equal-height-column av-align-top shadow-not-animated  '     ><p>\n<style type=\"text\/css\" data-created_by=\"avia_inline_auto\" id=\"style-css-av-23ps-7701fd35c7588a34b7918f41389c5c49\">\n.avia-image-container.av-23ps-7701fd35c7588a34b7918f41389c5c49 img.avia_image{\nbox-shadow:none;\n}\n.avia-image-container.av-23ps-7701fd35c7588a34b7918f41389c5c49 .av-image-caption-overlay-center{\ncolor:#ffffff;\n}\n<\/style>\n<div  class='avia-image-container av-23ps-7701fd35c7588a34b7918f41389c5c49 av-styling- avia-align-center  avia-builder-el-12  el_before_av_textblock  avia-builder-el-first '   itemprop=\"image\" itemscope=\"itemscope\" itemtype=\"https:\/\/schema.org\/ImageObject\" ><div class=\"avia-image-container-inner\"><div class=\"avia-image-overlay-wrap\"><img decoding=\"async\" fetchpriority=\"high\" class='wp-image-255 avia-img-lazy-loading-not-255 avia_image ' src=\"https:\/\/bienestareyalite.com\/wp-content\/uploads\/2025\/07\/iconosareas_Mesa-de-trabajo-1-80x80.png\" alt='' title='iconosareas_Mesa de trabajo 1'  height=\"80\" width=\"80\"  itemprop=\"thumbnailUrl\" srcset=\"https:\/\/bienestareyalite.com\/wp-content\/uploads\/2025\/07\/iconosareas_Mesa-de-trabajo-1-80x80.png 80w, https:\/\/bienestareyalite.com\/wp-content\/uploads\/2025\/07\/iconosareas_Mesa-de-trabajo-1-300x300.png 300w, https:\/\/bienestareyalite.com\/wp-content\/uploads\/2025\/07\/iconosareas_Mesa-de-trabajo-1-36x36.png 36w, https:\/\/bienestareyalite.com\/wp-content\/uploads\/2025\/07\/iconosareas_Mesa-de-trabajo-1-180x180.png 180w, https:\/\/bienestareyalite.com\/wp-content\/uploads\/2025\/07\/iconosareas_Mesa-de-trabajo-1.png 417w\" sizes=\"(max-width: 80px) 100vw, 80px\" \/><\/div><\/div><\/div><br \/>\n<section  class='av_textblock_section av-mcsvrcs9-6165fac2ab3cece0f5ad29c51e79def7 '   itemscope=\"itemscope\" itemtype=\"https:\/\/schema.org\/CreativeWork\" ><div class='avia_textblock'  itemprop=\"text\" ><h4 style=\"text-align: center;\"><span style=\"vertical-align: inherit;\"><span style=\"vertical-align: inherit;\">Educativa<\/span><\/span><\/h4>\n<\/div><\/section><br \/>\n<section  class='av_textblock_section av-mcsvruuc-3a7921bc36fff53bd1440d9d5d9057b4 '   itemscope=\"itemscope\" itemtype=\"https:\/\/schema.org\/CreativeWork\" ><div class='avia_textblock'  itemprop=\"text\" ><p style=\"text-align: center;\">Acompa\u00f1amos a estudiantes, docentes y familias en su desarrollo escolar, promoviendo el bienestar emocional, la inclusi\u00f3n y la sana convivencia desde una perspectiva intercultural.<\/p>\n<\/div><\/section><\/p><\/div><div class='av-flex-placeholder'><\/div>\n<style type=\"text\/css\" data-created_by=\"avia_inline_auto\" id=\"style-css-av-551lg-6c233015c5317f4da365394364bb08c7\">\n@keyframes av_boxShadowEffect_av-551lg-6c233015c5317f4da365394364bb08c7-column {\n0%   { box-shadow:  0 0 0 0 #e8e8e8; opacity: 1; }\n100% { box-shadow:  0 0 10px 0 #e8e8e8; opacity: 1; }\n}\n.flex_column.av-551lg-6c233015c5317f4da365394364bb08c7{\nwidth:18.8%;\nmargin-left:0;\nbox-shadow: 0 0 10px 0 #e8e8e8;\nborder-radius:5px 5px 5px 5px;\npadding:20px 20px 20px 20px;\n}\n#top .flex_column_table.av-equal-height-column-flextable.av-551lg-6c233015c5317f4da365394364bb08c7 .av-flex-placeholder{\nwidth:1.5%;\n}\n<\/style>\n<div  class='flex_column av-551lg-6c233015c5317f4da365394364bb08c7 av_one_fifth  avia-builder-el-15  el_after_av_one_fifth  el_before_av_one_fifth  flex_column_table_cell av-equal-height-column av-align-top shadow-not-animated  '     ><p>\n<style type=\"text\/css\" data-created_by=\"avia_inline_auto\" id=\"style-css-av-4ckd4-af81950d5d0c10f17d5bbd91d3ec6302\">\n.avia-image-container.av-4ckd4-af81950d5d0c10f17d5bbd91d3ec6302 img.avia_image{\nbox-shadow:none;\n}\n.avia-image-container.av-4ckd4-af81950d5d0c10f17d5bbd91d3ec6302 .av-image-caption-overlay-center{\ncolor:#ffffff;\n}\n<\/style>\n<div  class='avia-image-container av-4ckd4-af81950d5d0c10f17d5bbd91d3ec6302 av-styling- avia-align-center  avia-builder-el-16  el_before_av_textblock  avia-builder-el-first '   itemprop=\"image\" itemscope=\"itemscope\" itemtype=\"https:\/\/schema.org\/ImageObject\" ><div class=\"avia-image-container-inner\"><div class=\"avia-image-overlay-wrap\"><img decoding=\"async\" fetchpriority=\"high\" class='wp-image-256 avia-img-lazy-loading-not-256 avia_image ' src=\"https:\/\/bienestareyalite.com\/wp-content\/uploads\/2025\/07\/iconosareas_Mesa-de-trabajo-1-copia-80x80.png\" alt='' title='iconosareas_Mesa de trabajo 1 copia'  height=\"80\" width=\"80\"  itemprop=\"thumbnailUrl\" srcset=\"https:\/\/bienestareyalite.com\/wp-content\/uploads\/2025\/07\/iconosareas_Mesa-de-trabajo-1-copia-80x80.png 80w, https:\/\/bienestareyalite.com\/wp-content\/uploads\/2025\/07\/iconosareas_Mesa-de-trabajo-1-copia-300x300.png 300w, https:\/\/bienestareyalite.com\/wp-content\/uploads\/2025\/07\/iconosareas_Mesa-de-trabajo-1-copia-36x36.png 36w, https:\/\/bienestareyalite.com\/wp-content\/uploads\/2025\/07\/iconosareas_Mesa-de-trabajo-1-copia-180x180.png 180w, https:\/\/bienestareyalite.com\/wp-content\/uploads\/2025\/07\/iconosareas_Mesa-de-trabajo-1-copia.png 417w\" sizes=\"(max-width: 80px) 100vw, 80px\" \/><\/div><\/div><\/div><br \/>\n<section  class='av_textblock_section av-mcsvsqkq-cb299aecbdc3f78874a6fadb301fa335 '   itemscope=\"itemscope\" itemtype=\"https:\/\/schema.org\/CreativeWork\" ><div class='avia_textblock'  itemprop=\"text\" ><h4 style=\"text-align: center;\"><span style=\"vertical-align: inherit;\"><span style=\"vertical-align: inherit;\"><span style=\"vertical-align: inherit;\"><span style=\"vertical-align: inherit;\">Cl\u00ednica<\/span><\/span><\/span><\/span><\/h4>\n<\/div><\/section><br \/>\n<section  class='av_textblock_section av-mcsvsfz9-fa74180dab7fb2873386841167ebff25 '   itemscope=\"itemscope\" itemtype=\"https:\/\/schema.org\/CreativeWork\" ><div class='avia_textblock'  itemprop=\"text\" ><p style=\"text-align: center;\">Ofrecemos atenci\u00f3n psicol\u00f3gica individual y grupal para personas de todas las edades, respetando sus contextos culturales y necesidades particulares.<\/p>\n<\/div><\/section><\/p><\/div><div class='av-flex-placeholder'><\/div>\n<style type=\"text\/css\" data-created_by=\"avia_inline_auto\" id=\"style-css-av-exlk-d52055bb0db406c1e5ee60cae94f63e9\">\n@keyframes av_boxShadowEffect_av-exlk-d52055bb0db406c1e5ee60cae94f63e9-column {\n0%   { box-shadow:  0 0 0 0 #e8e8e8; opacity: 1; }\n100% { box-shadow:  0 0 10px 0 #e8e8e8; opacity: 1; }\n}\n.flex_column.av-exlk-d52055bb0db406c1e5ee60cae94f63e9{\nwidth:18.8%;\nmargin-left:0;\nbox-shadow: 0 0 10px 0 #e8e8e8;\nborder-radius:5px 5px 5px 5px;\npadding:20px 20px 20px 20px;\n}\n#top .flex_column_table.av-equal-height-column-flextable.av-exlk-d52055bb0db406c1e5ee60cae94f63e9 .av-flex-placeholder{\nwidth:1.5%;\n}\n<\/style>\n<div  class='flex_column av-exlk-d52055bb0db406c1e5ee60cae94f63e9 av_one_fifth  avia-builder-el-19  el_after_av_one_fifth  el_before_av_one_fifth  flex_column_table_cell av-equal-height-column av-align-top shadow-not-animated  '     ><p>\n<style type=\"text\/css\" data-created_by=\"avia_inline_auto\" id=\"style-css-av-3444s-d00daeb5a575c157ce5ea7aa7e817d64\">\n.avia-image-container.av-3444s-d00daeb5a575c157ce5ea7aa7e817d64 img.avia_image{\nbox-shadow:none;\n}\n.avia-image-container.av-3444s-d00daeb5a575c157ce5ea7aa7e817d64 .av-image-caption-overlay-center{\ncolor:#ffffff;\n}\n<\/style>\n<div  class='avia-image-container av-3444s-d00daeb5a575c157ce5ea7aa7e817d64 av-styling- avia-align-center  avia-builder-el-20  el_before_av_textblock  avia-builder-el-first '   itemprop=\"image\" itemscope=\"itemscope\" itemtype=\"https:\/\/schema.org\/ImageObject\" ><div class=\"avia-image-container-inner\"><div class=\"avia-image-overlay-wrap\"><img decoding=\"async\" fetchpriority=\"high\" class='wp-image-257 avia-img-lazy-loading-not-257 avia_image ' src=\"https:\/\/bienestareyalite.com\/wp-content\/uploads\/2025\/07\/iconosareas_Mesa-de-trabajo-1-copia-2-80x80.png\" alt='' title='iconosareas_Mesa de trabajo 1 copia 2'  height=\"80\" width=\"80\"  itemprop=\"thumbnailUrl\" srcset=\"https:\/\/bienestareyalite.com\/wp-content\/uploads\/2025\/07\/iconosareas_Mesa-de-trabajo-1-copia-2-80x80.png 80w, https:\/\/bienestareyalite.com\/wp-content\/uploads\/2025\/07\/iconosareas_Mesa-de-trabajo-1-copia-2-300x300.png 300w, https:\/\/bienestareyalite.com\/wp-content\/uploads\/2025\/07\/iconosareas_Mesa-de-trabajo-1-copia-2-36x36.png 36w, https:\/\/bienestareyalite.com\/wp-content\/uploads\/2025\/07\/iconosareas_Mesa-de-trabajo-1-copia-2-180x180.png 180w, https:\/\/bienestareyalite.com\/wp-content\/uploads\/2025\/07\/iconosareas_Mesa-de-trabajo-1-copia-2.png 417w\" sizes=\"(max-width: 80px) 100vw, 80px\" \/><\/div><\/div><\/div><br \/>\n<section  class='av_textblock_section av-mcsvthjl-7894473f3e216a0684c908c58d4fafc7 '   itemscope=\"itemscope\" itemtype=\"https:\/\/schema.org\/CreativeWork\" ><div class='avia_textblock'  itemprop=\"text\" ><h4 style=\"text-align: center;\"><span style=\"vertical-align: inherit;\"><span style=\"vertical-align: inherit;\"><span style=\"vertical-align: inherit;\"><span style=\"vertical-align: inherit;\"><span style=\"vertical-align: inherit;\"><span style=\"vertical-align: inherit;\">Organizacional<\/span><\/span><\/span><\/span><\/span><\/span><\/h4>\n<\/div><\/section><br \/>\n<section  class='av_textblock_section av-mcsvt861-65ec9af45e4fb52bf40d3c4952593e19 '   itemscope=\"itemscope\" itemtype=\"https:\/\/schema.org\/CreativeWork\" ><div class='avia_textblock'  itemprop=\"text\" ><p style=\"text-align: center;\">Apoyamos a instituciones y equipos de trabajo en el fortalecimiento del clima laboral, la comunicaci\u00f3n efectiva y el manejo saludable del estr\u00e9s, integrando herramientas desde la psicolog\u00eda y la diversidad cultural.<\/p>\n<\/div><\/section><\/p><\/div><div class='av-flex-placeholder'><\/div>\n<style type=\"text\/css\" data-created_by=\"avia_inline_auto\" id=\"style-css-av-2w63k-85960210e3869ad559dd3aa4c1c6e5a3\">\n@keyframes av_boxShadowEffect_av-2w63k-85960210e3869ad559dd3aa4c1c6e5a3-column {\n0%   { box-shadow:  0 0 0 0 #e8e8e8; opacity: 1; }\n100% { box-shadow:  0 0 10px 0 #e8e8e8; opacity: 1; }\n}\n.flex_column.av-2w63k-85960210e3869ad559dd3aa4c1c6e5a3{\nwidth:18.8%;\nmargin-left:0;\nbox-shadow: 0 0 10px 0 #e8e8e8;\nborder-radius:5px 5px 5px 5px;\npadding:20px 20px 20px 20px;\n}\n#top .flex_column_table.av-equal-height-column-flextable.av-2w63k-85960210e3869ad559dd3aa4c1c6e5a3 .av-flex-placeholder{\nwidth:1.5%;\n}\n<\/style>\n<div  class='flex_column av-2w63k-85960210e3869ad559dd3aa4c1c6e5a3 av_one_fifth  avia-builder-el-23  el_after_av_one_fifth  el_before_av_one_fifth  flex_column_table_cell av-equal-height-column av-align-top shadow-not-animated  '     ><p>\n<style type=\"text\/css\" data-created_by=\"avia_inline_auto\" id=\"style-css-av-1zncc-f44d70db6b41ebbc2e941763e5c89f18\">\n.avia-image-container.av-1zncc-f44d70db6b41ebbc2e941763e5c89f18 img.avia_image{\nbox-shadow:none;\n}\n.avia-image-container.av-1zncc-f44d70db6b41ebbc2e941763e5c89f18 .av-image-caption-overlay-center{\ncolor:#ffffff;\n}\n<\/style>\n<div  class='avia-image-container av-1zncc-f44d70db6b41ebbc2e941763e5c89f18 av-styling- avia-align-center  avia-builder-el-24  el_before_av_textblock  avia-builder-el-first '   itemprop=\"image\" itemscope=\"itemscope\" itemtype=\"https:\/\/schema.org\/ImageObject\" ><div class=\"avia-image-container-inner\"><div class=\"avia-image-overlay-wrap\"><img decoding=\"async\" fetchpriority=\"high\" class='wp-image-258 avia-img-lazy-loading-not-258 avia_image ' src=\"https:\/\/bienestareyalite.com\/wp-content\/uploads\/2025\/07\/iconosareas_Mesa-de-trabajo-1-copia-3-80x80.png\" alt='' title='iconosareas_Mesa de trabajo 1 copia 3'  height=\"80\" width=\"80\"  itemprop=\"thumbnailUrl\" srcset=\"https:\/\/bienestareyalite.com\/wp-content\/uploads\/2025\/07\/iconosareas_Mesa-de-trabajo-1-copia-3-80x80.png 80w, https:\/\/bienestareyalite.com\/wp-content\/uploads\/2025\/07\/iconosareas_Mesa-de-trabajo-1-copia-3-300x300.png 300w, https:\/\/bienestareyalite.com\/wp-content\/uploads\/2025\/07\/iconosareas_Mesa-de-trabajo-1-copia-3-36x36.png 36w, https:\/\/bienestareyalite.com\/wp-content\/uploads\/2025\/07\/iconosareas_Mesa-de-trabajo-1-copia-3-180x180.png 180w, https:\/\/bienestareyalite.com\/wp-content\/uploads\/2025\/07\/iconosareas_Mesa-de-trabajo-1-copia-3.png 417w\" sizes=\"(max-width: 80px) 100vw, 80px\" \/><\/div><\/div><\/div><br \/>\n<section  class='av_textblock_section av-mcsvu7gn-0f69c22258a70c3b505f0c3ee0858d85 '   itemscope=\"itemscope\" itemtype=\"https:\/\/schema.org\/CreativeWork\" ><div class='avia_textblock'  itemprop=\"text\" ><h4 style=\"text-align: center;\"><strong>Familiar<\/strong><\/h4>\n<\/div><\/section><br \/>\n<section  class='av_textblock_section av-mcsvtxn9-447f868614a2a76a15365cb18334f07e '   itemscope=\"itemscope\" itemtype=\"https:\/\/schema.org\/CreativeWork\" ><div class='avia_textblock'  itemprop=\"text\" ><p style=\"text-align: center;\">Brindamos orientaci\u00f3n y acompa\u00f1amiento a familias en procesos de crianza, resoluci\u00f3n de conflictos y fortalecimiento de v\u00ednculos afectivos, reconociendo y valorando sus tradiciones, creencias y din\u00e1micas culturales.<\/p>\n<\/div><\/section><\/p><\/div><div class='av-flex-placeholder'><\/div>\n<style type=\"text\/css\" data-created_by=\"avia_inline_auto\" id=\"style-css-av-1lnn0-39856e17005d6357312b110af33addb1\">\n@keyframes av_boxShadowEffect_av-1lnn0-39856e17005d6357312b110af33addb1-column {\n0%   { box-shadow:  0 0 0 0 #e8e8e8; opacity: 1; }\n100% { box-shadow:  0 0 10px 0 #e8e8e8; opacity: 1; }\n}\n.flex_column.av-1lnn0-39856e17005d6357312b110af33addb1{\nwidth:18.8%;\nmargin-left:0;\nbox-shadow: 0 0 10px 0 #e8e8e8;\nborder-radius:5px 5px 5px 5px;\npadding:20px 20px 20px 20px;\n}\n#top .flex_column_table.av-equal-height-column-flextable.av-1lnn0-39856e17005d6357312b110af33addb1 .av-flex-placeholder{\nwidth:1.5%;\n}\n<\/style>\n<div  class='flex_column av-1lnn0-39856e17005d6357312b110af33addb1 av_one_fifth  avia-builder-el-27  el_after_av_one_fifth  el_before_av_hr  flex_column_table_cell av-equal-height-column av-align-top shadow-not-animated  '     ><p>\n<style type=\"text\/css\" data-created_by=\"avia_inline_auto\" id=\"style-css-av-11rz4-ab1ed93c399d502ac8f4769a459a4d58\">\n.avia-image-container.av-11rz4-ab1ed93c399d502ac8f4769a459a4d58 img.avia_image{\nbox-shadow:none;\n}\n.avia-image-container.av-11rz4-ab1ed93c399d502ac8f4769a459a4d58 .av-image-caption-overlay-center{\ncolor:#ffffff;\n}\n<\/style>\n<div  class='avia-image-container av-11rz4-ab1ed93c399d502ac8f4769a459a4d58 av-styling- avia-align-center  avia-builder-el-28  el_before_av_textblock  avia-builder-el-first '   itemprop=\"image\" itemscope=\"itemscope\" itemtype=\"https:\/\/schema.org\/ImageObject\" ><div class=\"avia-image-container-inner\"><div class=\"avia-image-overlay-wrap\"><img decoding=\"async\" fetchpriority=\"high\" class='wp-image-259 avia-img-lazy-loading-not-259 avia_image ' src=\"https:\/\/bienestareyalite.com\/wp-content\/uploads\/2025\/07\/iconosareas_Mesa-de-trabajo-1-copia-4-80x80.png\" alt='' title='iconosareas_Mesa de trabajo 1 copia 4'  height=\"80\" width=\"80\"  itemprop=\"thumbnailUrl\" srcset=\"https:\/\/bienestareyalite.com\/wp-content\/uploads\/2025\/07\/iconosareas_Mesa-de-trabajo-1-copia-4-80x80.png 80w, https:\/\/bienestareyalite.com\/wp-content\/uploads\/2025\/07\/iconosareas_Mesa-de-trabajo-1-copia-4-300x300.png 300w, https:\/\/bienestareyalite.com\/wp-content\/uploads\/2025\/07\/iconosareas_Mesa-de-trabajo-1-copia-4-36x36.png 36w, https:\/\/bienestareyalite.com\/wp-content\/uploads\/2025\/07\/iconosareas_Mesa-de-trabajo-1-copia-4-180x180.png 180w, https:\/\/bienestareyalite.com\/wp-content\/uploads\/2025\/07\/iconosareas_Mesa-de-trabajo-1-copia-4.png 417w\" sizes=\"(max-width: 80px) 100vw, 80px\" \/><\/div><\/div><\/div><br \/>\n<section  class='av_textblock_section av-mcsvuw5f-1fdd68bfe289edae5e4412f78100666e '   itemscope=\"itemscope\" itemtype=\"https:\/\/schema.org\/CreativeWork\" ><div class='avia_textblock'  itemprop=\"text\" ><h4 style=\"text-align: center;\"><strong>Comunitaria<\/strong><\/h4>\n<\/div><\/section><br \/>\n<section  class='av_textblock_section av-mcsvuopd-428ac6ff3f4b224d4c1d1fc84bd9ae13 '   itemscope=\"itemscope\" itemtype=\"https:\/\/schema.org\/CreativeWork\" ><div class='avia_textblock'  itemprop=\"text\" ><p style=\"text-align: center;\">Trabajamos junto a comunidades en la construcci\u00f3n de redes de apoyo, fortalecimiento de identidades y promoci\u00f3n de salud mental colectiva, integrando saberes locales y pr\u00e1cticas culturales diversas.<\/p>\n<\/div><\/section><\/p><\/div><\/div><!--close column table wrapper. Autoclose: 1 -->\n<style type=\"text\/css\" data-created_by=\"avia_inline_auto\" id=\"style-css-av-okig-e25419ef75e6a8de4f4058ca11beea7c\">\n#top .hr.hr-invisible.av-okig-e25419ef75e6a8de4f4058ca11beea7c{\nheight:50px;\n}\n<\/style>\n<div  class='hr av-okig-e25419ef75e6a8de4f4058ca11beea7c hr-invisible  avia-builder-el-31  el_after_av_one_fifth  avia-builder-el-last '><span class='hr-inner '><span class=\"hr-inner-style\"><\/span><\/span><\/div>\n<\/div><\/div><\/div><!-- close content main div --><\/div><\/div><div id='after_section_2'  class='main_color av_default_container_wrap container_wrap sidebar_right'  ><div class='container av-section-cont-open' ><div class='template-page content  av-content-small alpha units'><div class='post-entry post-entry-type-page post-entry-28'><div class='entry-content-wrapper clearfix'>\n","protected":false},"excerpt":{"rendered":"","protected":false},"author":1,"featured_media":0,"parent":0,"menu_order":0,"comment_status":"closed","ping_status":"closed","template":"","meta":{"footnotes":""},"class_list":["post-28","page","type-page","status-publish","hentry"],"_links":{"self":[{"href":"https:\/\/bienestareyalite.com\/index.php\/wp-json\/wp\/v2\/pages\/28","targetHints":{"allow":["GET"]}}],"collection":[{"href":"https:\/\/bienestareyalite.com\/index.php\/wp-json\/wp\/v2\/pages"}],"about":[{"href":"https:\/\/bienestareyalite.com\/index.php\/wp-json\/wp\/v2\/types\/page"}],"author":[{"embeddable":true,"href":"https:\/\/bienestareyalite.com\/index.php\/wp-json\/wp\/v2\/users\/1"}],"replies":[{"embeddable":true,"href":"https:\/\/bienestareyalite.com\/index.php\/wp-json\/wp\/v2\/comments?post=28"}],"version-history":[{"count":17,"href":"https:\/\/bienestareyalite.com\/index.php\/wp-json\/wp\/v2\/pages\/28\/revisions"}],"predecessor-version":[{"id":260,"href":"https:\/\/bienestareyalite.com\/index.php\/wp-json\/wp\/v2\/pages\/28\/revisions\/260"}],"wp:attachment":[{"href":"https:\/\/bienestareyalite.com\/index.php\/wp-json\/wp\/v2\/media?parent=28"}],"curies":[{"name":"wp","href":"https:\/\/api.w.org\/{rel}","templated":true}]}}